{"id":11,"date":"2024-04-06T19:14:25","date_gmt":"2024-04-06T19:14:25","guid":{"rendered":"https:\/\/karower-familien-flohmarkt.de\/?page_id=11"},"modified":"2026-01-26T06:11:45","modified_gmt":"2026-01-26T06:11:45","slug":"homepage","status":"publish","type":"page","link":"https:\/\/karower-familien-flohmarkt.de\/","title":{"rendered":"Homepage"},"content":{"rendered":"\n<div class=\"wp-block-cover alignfull\" style=\"min-height:100vh;aspect-ratio:unset;\"><img loading=\"lazy\" decoding=\"async\" width=\"1024\" height=\"462\" class=\"wp-block-cover__image-background wp-image-205\" alt=\"\" src=\"https:\/\/karower-familien-flohmarkt.de\/wp-content\/uploads\/2024\/04\/Karower_Familien_Flohmarkt_2022-3-1024x462.jpg\" data-object-fit=\"cover\" srcset=\"https:\/\/karower-familien-flohmarkt.de\/wp-content\/uploads\/2024\/04\/Karower_Familien_Flohmarkt_2022-3-1024x462.jpg 1024w, https:\/\/karower-familien-flohmarkt.de\/wp-content\/uploads\/2024\/04\/Karower_Familien_Flohmarkt_2022-3-300x135.jpg 300w, https:\/\/karower-familien-flohmarkt.de\/wp-content\/uploads\/2024\/04\/Karower_Familien_Flohmarkt_2022-3.jpg 1420w\" sizes=\"auto, (max-width: 1024px) 100vw, 1024px\" \/><span aria-hidden=\"true\" class=\"wp-block-cover__background has-background-dim\"><\/span><div class=\"wp-block-cover__inner-container is-layout-flow wp-block-cover-is-layout-flow\">\n<h1 class=\"wp-block-heading has-text-align-center has-x-large-font-size\">Karower Familien-Flohmarkt<\/h1>\n<\/div><\/div>\n\n\n\n<div class=\"wp-block-group alignfull has-lightgrey-background-color has-background has-global-padding is-layout-constrained wp-block-group-is-layout-constrained\">\n<div class=\"wp-block-group has-global-padding is-layout-constrained wp-block-group-is-layout-constrained\" style=\"padding-top:var(--wp--preset--spacing--small);padding-bottom:var(--wp--preset--spacing--small)\">\n<div style=\"height:30px\" aria-hidden=\"true\" class=\"wp-block-spacer\"><\/div>\n\n\n\n<div class=\"wp-block-columns is-layout-flex wp-container-core-columns-is-layout-c375d253 wp-block-columns-is-layout-flex\">\n<div class=\"wp-block-column is-vertically-aligned-center is-layout-flow wp-block-column-is-layout-flow\">\n<h2 class=\"wp-block-heading has-medium-font-size\" style=\"text-transform:uppercase\">About us<\/h2>\n\n\n\n<p class=\"has-primary-color has-text-color has-link-color wp-elements-4cd7f0a1354414cd64d930906428e569\">Wir organisieren diesen tollen Markt bereits seit \u00fcber 10 Jahren und sind mit vollem Engagement dabei. Denn Nachhaltigkeit ist uns wichtig. So viele Dinge k\u00f6nnen noch anderswo Einsatz finden. <\/p>\n\n\n\n<p class=\"has-primary-color has-text-color has-link-color wp-elements-00c8a89836771b02cadd41be4d9ca8a1\">Mit Herzblut und hohem Tatendrang organisieren drei Flohmarktliebhaber regelm\u00e4\u00dfig drei Flohm\u00e4rkte im Jahr (Mai, Juli und September). Diese Veranstaltungen sind nicht nur eine Gelegenheit, um Sch\u00e4tze zu finden und zu verkaufen, sondern auch eine M\u00f6glichkeit, die Gemeinschaft zu st\u00e4rken und Menschen zusammenzubringen. Im Laufe der Zeit sind diese M\u00e4rkte zu einem Familien-Event angewachsen. Wir stecken viel Zeit und M\u00fche in die Planung und Durchf\u00fchrung jedes Flohmarkts, um sicherzustellen, dass Besucher, Verk\u00e4ufer und Foodtruck-Betreiber gleicherma\u00dfen eine tolle Erfahrung haben. Unsere Leidenschaft f\u00fcr Flohm\u00e4rkte spiegelt sich in der Atmosph\u00e4re und Vielfalt der angebotenen Waren wieder.<\/p>\n\n\n\n<p class=\"has-primary-color has-text-color has-link-color wp-elements-b7459c27b28c18f0b9d21e7cb7a31d3a\"><br>Eure Diana, Steffi und Ronald<\/p>\n\n\n\n<p><\/p>\n<\/div>\n\n\n\n<div class=\"wp-block-column is-layout-flow wp-block-column-is-layout-flow\">\n<figure class=\"wp-block-gallery has-nested-images columns-default is-cropped wp-block-gallery-1 is-layout-flex wp-block-gallery-is-layout-flex\">\n<figure class=\"wp-block-image size-large is-style-default\"><img loading=\"lazy\" decoding=\"async\" width=\"960\" height=\"835\" data-id=\"47\" src=\"https:\/\/karower-familien-flohmarkt.de\/wp-content\/uploads\/2024\/04\/290234472_559744158991756_86075539096833374_n_SW.jpg\" alt=\"Karower Flohmarkt\" class=\"wp-image-47\" srcset=\"https:\/\/karower-familien-flohmarkt.de\/wp-content\/uploads\/2024\/04\/290234472_559744158991756_86075539096833374_n_SW.jpg 960w, https:\/\/karower-familien-flohmarkt.de\/wp-content\/uploads\/2024\/04\/290234472_559744158991756_86075539096833374_n_SW-300x261.jpg 300w\" sizes=\"auto, (max-width: 960px) 100vw, 960px\" \/><\/figure>\n<\/figure>\n<\/div>\n<\/div>\n\n\n\n<div style=\"height:30px\" aria-hidden=\"true\" class=\"wp-block-spacer\"><\/div>\n<\/div>\n<\/div>\n\n\n\n<div class=\"wp-block-group alignfull portfolio-dark has-tertiary-background-color has-background has-global-padding is-layout-constrained wp-block-group-is-layout-constrained\" id=\"portfolio\" style=\"margin-top:0px\">\n<div style=\"height:122px\" aria-hidden=\"true\" class=\"wp-block-spacer\"><\/div>\n\n\n\n<h2 class=\"wp-block-heading has-text-align-center has-white-color has-text-color has-link-color wp-elements-d75cd9b3f84e3d14176c4f121098eff1\">Wann ist der n\u00e4chste Flohmarkt?<\/h2>\n\n\n\n<p class=\"has-text-align-center has-white-color has-text-color has-link-color wp-elements-51678fe3d240ac2a61097966978baab3\">Unser Flohmarkt findet 3x j\u00e4hrlich im Mai, Juli und September statt. Folge uns auf <a href=\"https:\/\/www.facebook.com\/Karowerfamilienflohmarkt\/\" target=\"_blank\" rel=\"noopener\">Facebook<\/a> oder <a href=\"https:\/\/www.instagram.com\/karower_familien_flohmarkt\/\" target=\"_blank\" rel=\"noopener\">Instagram<\/a> und bleib immer up to date!<br>Du m\u00f6chtest selbst verkaufen? Die Anmeldung erfolgt immer ab ca. 4 Wochen vor Veranstaltung. Im Voraus oder per Mail\/ Telefon sind leider keine Anmeldungen oder Reservierungen m\u00f6glich. Weitere Informationen zum Anmeldeort und Zeitpunkt findest du unter <a href=\"https:\/\/karower-familien-flohmarkt.de\/?page_id=49&amp;preview_id=49&amp;preview_nonce=5e0f3ef81c&amp;preview=true\">&#8222;Events&#8220;<\/a>. Unsere 3-Meter-Standfl\u00e4chen sind zum Selbstaufbau und kosten ab 25,00 Euro zuz\u00fcglich 20,00 Euro Kaution. Diese erh\u00e4ltst du nach Flohmarktende und einem sauber hinterlassenen Platz wieder zur\u00fcck. Der Aufbau beginnt ab 9:00 Uhr, der Verkauf startet um 10:00 Uhr und endet um 16:00 Uhr. Das Parken ist nur zum Be- und Entladen am Stand m\u00f6glich, anschlie\u00dfend muss ein \u00f6ffentlicher Parkplatz genutzt werden. Zur Anmeldung schlie\u00dfen wir einen kleinen Vertrag ab und du kannst dir deinen Wunschplatz auf unserem Plan aussuchen. Anschlie\u00dfend wird deine Standfl\u00e4che per Vorkasse bezahlt. Gern kannst du auch mehrere Standfl\u00e4chen (max. bis zu 3) buchen. Gemeinsam mit Freunden verkaufen macht nochmal mehr Spa\u00df! Speisen, Getr\u00e4nke und Toiletten sind vor Ort. Auf Grund des nicht \u00fcberdachten Gel\u00e4ndes, denke bitte immer an alle Wetter-Eventualit\u00e4ten (Ein Aufbau von Pavilions oder \u00c4hnlichem ist NUR an bestimmten Pl\u00e4tzen\/St\u00e4nden erlaubt). Sprecht uns bitte vorher an, ob der Aufbau an eurem Stand erlaubt ist. Eine gute Vorbereitung und Pr\u00e4sentation ist ebenfalls wichtig, damit du gute Verk\u00e4ufe erzielen wirst. Wir freuen uns auf viele neue Standbetreiber. Solltest du noch Fragen haben, ruf uns gern an oder schreib uns \u00fcber WhatsApp:<\/p>\n\n\n\n<p class=\"has-text-align-center has-white-color has-text-color has-link-color wp-elements-3b8c1ca32b0e6436b99d3caab3834186\">Veranstalter &#8222;Kleiner Partyheld&#8220;<\/p>\n\n\n\n<p class=\"has-text-align-center has-white-color has-text-color has-link-color wp-elements-2518668ed08e7c53edc839a6a94fc2dd\">Ballondeko &amp; Eventservice<br>0151 \/ 22 75 89 70<\/p>\n\n\n\n<p class=\"has-text-align-center has-white-color has-text-color has-link-color wp-elements-e4323596c12735a71c00f98acafbd3de\"> www.kleiner-partyheld.de<\/p>\n\n\n\n<h2 class=\"wp-block-heading has-text-align-left has-white-color has-text-color has-large-font-size\"><\/h2>\n\n\n\n<div style=\"height:44px\" aria-hidden=\"true\" class=\"wp-block-spacer\"><\/div>\n\n\n\n<div style=\"height:50px\" aria-hidden=\"true\" class=\"wp-block-spacer\"><\/div>\n<\/div>\n","protected":false},"excerpt":{"rendered":"<p>About us Wir organisieren diesen tollen Markt bereits seit \u00fcber 10 Jahren und sind mit vollem Engagement dabei. Denn Nachhaltigkeit ist uns wichtig. So viele Dinge k\u00f6nnen noch anderswo Einsatz finden. Mit Herzblut und hohem Tatendrang organisieren drei Flohmarktliebhaber regelm\u00e4\u00dfig drei Flohm\u00e4rkte im Jahr (Mai, Juli und September). Diese Veranstaltungen sind nicht nur eine Gelegenheit, &hellip; <\/p>\n<p class=\"link-more\"><a href=\"https:\/\/karower-familien-flohmarkt.de\/\" class=\"more-link\">Mehr <span class=\"screen-reader-text\">\u00fcber &#8222;Homepage&#8220; <\/span>Lesen<\/a><\/p>\n","protected":false},"author":1,"featured_media":0,"parent":0,"menu_order":0,"comment_status":"closed","ping_status":"closed","template":"page-templates\/homepage-no-hero.php","meta":{"inspiro_hide_title":false,"footnotes":""},"class_list":["post-11","page","type-page","status-publish","hentry"],"_links":{"self":[{"href":"https:\/\/karower-familien-flohmarkt.de\/index.php?rest_route=\/wp\/v2\/pages\/11","targetHints":{"allow":["GET"]}}],"collection":[{"href":"https:\/\/karower-familien-flohmarkt.de\/index.php?rest_route=\/wp\/v2\/pages"}],"about":[{"href":"https:\/\/karower-familien-flohmarkt.de\/index.php?rest_route=\/wp\/v2\/types\/page"}],"author":[{"embeddable":true,"href":"https:\/\/karower-familien-flohmarkt.de\/index.php?rest_route=\/wp\/v2\/users\/1"}],"replies":[{"embeddable":true,"href":"https:\/\/karower-familien-flohmarkt.de\/index.php?rest_route=%2Fwp%2Fv2%2Fcomments&post=11"}],"version-history":[{"count":32,"href":"https:\/\/karower-familien-flohmarkt.de\/index.php?rest_route=\/wp\/v2\/pages\/11\/revisions"}],"predecessor-version":[{"id":309,"href":"https:\/\/karower-familien-flohmarkt.de\/index.php?rest_route=\/wp\/v2\/pages\/11\/revisions\/309"}],"wp:attachment":[{"href":"https:\/\/karower-familien-flohmarkt.de\/index.php?rest_route=%2Fwp%2Fv2%2Fmedia&parent=11"}],"curies":[{"name":"wp","href":"https:\/\/api.w.org\/{rel}","templated":true}]}}